vided by o(d)?
3
Let v(w) = -w**3 + 5 + w**2 + 0*w**2 + 2*w**3 - 4*w - 5*w**2. Suppose -2*p = -p - 5. What is the remainder when v(p) is divided by 3?
1
Suppose 0 = 5*d + 25, -4*r = -r - 2*d - 103. What is the remainder when r is divided by 11?
9
Let m(r) = r**3 + r**2 + 42. Let d be m(0). Let n = -22 + d. Calculate the remainder when 38 is divided by n.
18
Let d(t) = t**2 - 3*t - 3. Calculate the remainder when 23 is divided by d(-3).
8
Suppose 4*c = 337 + 55. Suppose -98 - c = -4*y. What is the remainder when y is divided by (-4)/2*39/(-6)?
10
Let h(t) be the third derivative of t**4 - t**3/3 - 2*t**2. Suppose n = 3*n - 16. Calculate the remainder when h(1) is divided by n.
6
Let v = 65 + 22. Suppose -2*i = -2*c - 74, -3*c + 2*i - 76 = 6*i. Let m = c + v. What is the remainder when m is divided by 19?
17
Let h be (2 - -2)*(-10)/(-8). Suppose j + 104 = h*j. Calculate the remainder when j is divided by 14.
12
Let j(a) = -18*a**2 + 4*a - 2. Let s be j(2). Let w = -4 + 12. Calculate the remainder when (s/(-8))/(9/24) is divided by w.
6
What is the remainder when -1*1*(-26 + -2 - 6) is divided by 7?
6
What is the remainder when 71 is divided by (12/(-10))/(2 + 84/(-40))?
11
Suppose 5*g + 33 = 4*s, -g - 15 = 2*g. Let j = 3 - 13. Let p = -7 - j. What is the remainder when p is divided by s?
1
Let h(c) = -4*c + 7. What is the remainder when 73 is divided by h(-3)?
16
Suppose -2*x = 3*u + 3*x - 10, 0 = 2*u - x + 2. What is the remainder when 30 + u + -4 + 0 is divided by 14?
12
Let b(p) = p. Suppose 0 = 5*l + 5*g, -3*l + g + 20 = -g. Suppose -l*o = 3 - 31. Calculate the remainder when o is divided by b(2).
1
Let h(l) = -l**3 + l**2 - l + 25. What is the remainder when 123 is divided by h(0)?
23
Let p(h) = -11*h + 18. What is the remainder when p(-3) is divided by 27?
24
Suppose 3*p - 164 = -8*r + 4*r, 2*r = 4. Calculate the remainder when 151 is divided by p.
47
Suppose -2*w - 2*w + 10 = -5*y, -y - 23 = -5*w. Suppose 0 = -2*m + 46 + y. What is the remainder when m is divided by 13?
11
Let q = 75 + -48. Calculate the remainder when q is divided by (-3)/((-6)/(-2))*-5.
2
Let c(o) = -14*o**3 - o**2 - o. Let h(q) = -q**2 - 12*q + 39. What is the remainder when h(-12) is divided by c(-1)?
11
Let h(k) = -4*k**3. Let y be h(-1). Suppose 2*f = -y*b + 60, 2*b - 105 = -4*f - b. Suppose 104 = 4*x - f. Calculate the remainder when x is divided by 17.
15
What is the remainder when 56 is divided by (40/(-6) - 0)*-3?
16
Suppose 8*u + 3*u - 550 = 0. What is the remainder when u is divided by 25?
0
Calculate the remainder when 7 is divided by -2*2*5/(-20).
0
Suppose o = 10*b - 6*b - 4, 4*b - 28 = -o. What is the remainder when 18 is divided by o?
6
Let d(y) = -y - 9. Let i = 15 - 24. Let x be d(i). Suppose -4*b - 4*v + 56 = x, v - 87 = -5*b - 1. What is the remainder when b is divided by 7?
4
Let l = 25 + 1. Calculate the remainder when 50 is divided by l.
24
Suppose 38 - 12 = -2*t. Let b = t - -23. Let i = 4 + b. What is the remainder when i is divided by 5?
4
Let v(m) = -m + 23. Let s be v(13). Suppose -13*y = -s*y - 18. Suppose 3*u - w - 73 = 0, 4*u - 104 + 16 = -w. What is the remainder when u is divided by y?
5
Let m(a) = -4*a**3 - 2*a**2 + 4. What is the remainder when 80 is divided by m(-2)?
24
Suppose -t + 4 = -1. Let g(d) = d**3 + 10*d**2 - 14*d - 14. Calculate the remainder when g(-11) is divided by t.
4
Suppose -5*q = -2*n, n + n - 2*q = 6. Let v be (20/3)/(2/6). Suppose -3*a - a - v = 0, n*p - 2*a - 65 = 0. What is the remainder when p is divided by 6?
5
Let m = 77 + -42. What is the remainder when m is divided by 12?
11
Suppose 43 = 3*i + 7. Let w = i + -7. Suppose -t + 4*s = -4, t = -w*s + s + 28. Calculate the remainder when 46 is divided by t.
14
Let f(t) be the third derivative of -7*t**4/24 + 7*t**3/6 - 7*t**2. What is the remainder when f(-6) is divided by -4 - -2 - (-38)/2?
15
Calculate the remainder when 17 is divided by 6/2 + 2 + 1.
5
Let v = 11 - -5. Let w be 32/14 + 4/(-14). Suppose -3*a = -2*r + 87, -3*a + 5 = w*a. Calculate the remainder when r is divided by v.
13
Let n(w) = w**3 + 13*w**2 - 2*w - 12. Calculate the remainder when 138 is divided by n(-13).
12
Suppose -4*a - 3 = -5*a. Suppose 3*q + a*i - 15 = 0, 5*q - q = -2*i + 16. Calculate the remainder when 8 is divided by q.
2
Let r(h) = -5*h - 6. Let f(p) = -p**3 - 11*p**2 - 9*p + 5. Let v be f(-10). Calculate the remainder when r(v) is divided by 10.
9
Let s = 5 + -2. Suppose 2*v = 3*w, -2*v = -w - 0*w. Suppose -4*y - d + 41 = 0, w = -y + 5*y - 5*d - 11. Calculate the remainder when y is divided by s.
0
Suppose 2*y - 8*i = -4*i + 156, 4*y + 4*i = 288. What is the remainder when y is divided by 19?
17
Let v(w) = 5*w**3 - w**2. Let g be v(1). Suppose g*z - 31 - 1 = 0. Calculate the remainder when z is divided by 5.
3
Suppose 0 = -3*d - t + 45, d - 3*d = 3*t - 23. Suppose 0*h = -2*h + d. What is the remainder when 23 is divided by h?
7
Let p = -49 - -31. Let u = p + 37. Suppose -n - 18 = -2*w + n, 5*n - 18 = -4*w. Calculate the remainder when u is divided by w.
5
Let i be 51/12 - (-2)/(-8). What is the remainder when 0 + 2/(-1) - -15 is divided by i/(-6)*42/(-4)?
6
Suppose -4*b = s + 37, 5*s + 5 = -2*b - 0. Calculate the remainder when (80/(-25))/(4/b) is divided by 5.
3
Let f = 1 + 4. Suppose n = -f*k + 76 + 16, 5*n = -2*k + 23. Calculate the remainder when 73 is divided by k.
16
Suppose 0 = 3*z - z - 204. Suppose 4*d = 2*v - z, -4*d + 57 = v - 0*v. What is the remainder when v is divided by 14?
11
Let l(k) = -23*k - 33. What is the remainder when l(-10) is divided by 33?
32
Let t = -23 - -54. Suppose -3*l + 47 = 14. What is the remainder when t is divided by l?
9
Let d = -230 + 237. Calculate the remainder when (-52)/(-10)*5/1 is divided by d.
5
Suppose 0*v = 5*v - 10. Suppose -f + v = -1. Suppose -2*b = g - 28, -f*g = -g + 5*b - 51. Calculate the remainder when g is divided by 13.
12
Let z = 3 + -1. What is the remainder when (1/(-2))/(z/(-76)) is divided by 5?
4
Let f be (-9)/(-3) - (3 + -5). Suppose 0 = 2*r - f - 89. What is the remainder when r is divided by 16?
15
Suppose 0*k + k + 2*l = 16, -k + 2*l = 0. Calculate the remainder when 31 is divided by k.
7
Let m = -66 + 80. Calculate the remainder when 109 is divided by m.
11
Let f = -135 - -151. Calculate the remainder when 58 is divided by f.
10
Let d = 3 + -1. Suppose -d*r = -r - 3*f - 52, 4*f + 104 = 2*r. What is the remainder when r is divided by -2 + 2/2 - (-53 + 34)?
16
Let p be (-10 - 0)*(-1)/2. Suppose 3*b + r = 171, p - 2 = -r. What is the remainder when b is divided by 20?
18
Suppose 3*l = l + 4, 0 = x - 3*l - 2. Calculate the remainder when x is divided by 1 - (1 + 1 + -3).
0
Let m(s) = -5*s**2 - 3*s - 1. Let n be m(-2). Let b = 1 - n. Suppose -4*x = r - 21, 7*x = r + 3*x + 3. Calculate the remainder when b is divided by r.
7
Let a(x) = -x**3 + x - x + 6*x**2 + 0*x**3 + 2*x + 4. Calculate the remainder when a(6) is divided by 9.
7
Let t(m) = -3*m + 2*m + 8 - m + 3*m. Calculate the remainder when 58 is divided by t(12).
18
Let k be 96/52 - 2/(-13). Suppose 4*w - 49 = -5*o, k*w = -5*o - 15 + 62. What is the remainder when 34 is divided by o?
7
Let c(a) = a**3 + a**2 + a + 53. Let n be c(0). Suppose 3*h = 4 + n. Calculate the remainder when h is divided by 10.
9
Suppose 0 = a - 34 - 76. Calculate the remainder when a is divided by 29.
23
Let r = -17 + 30. Suppose 0*g - 5*g + 3*f = -8, -5*f = g - 24. Suppose 0 = -g*j + 2*j + 74. Calculate the remainder when j is divided by r.
11
Suppose 0*z = -4*i + z + 6, 4*z = -3*i + 14. Calculate the remainder when 25 is divided by i.
1
Suppose 6 = -2*p - 5*b, 2*p + p = 5*b + 16. Calculate the remainder when 5 is divided by p.
1
Let o(v) = -v**3 + 27*v**2 - 28*v + 65. What is the remainder when 141 is divided by o(26)?
11
Let n = 3 - 1. Let d = n - -1. Suppose 6*o - d*o - 168 = 0. Calculate the remainder when o is divided by 19.
18
Suppose 2*l + 24 = 2*z, 5*l + 5*z - 4*z = -30. Let i be (-142)/l + 4/(-14). Suppose w - i = -w. What is the remainder when w is divided by 3?
1
Let s = -14 - -22. What is the remainder when 41 is divided by 2/s - 110/(-8)?
13
Let y(s) = -2*s**2 - s + 3. Let t be y(3). Let a = 31 + t. Suppose 0 = -d - 0*d + 7. Calculate the remainder when a is divided by d.
